{"id":258,"date":"2016-11-14T23:31:29","date_gmt":"2016-11-14T22:31:29","guid":{"rendered":"http:\/\/www.lmp.wmie.uz.zgora.pl\/?page_id=258"},"modified":"2016-11-14T23:44:31","modified_gmt":"2016-11-14T22:44:31","slug":"formularz-zgloszeniowy","status":"publish","type":"page","link":"http:\/\/www.lmp.wmie.uz.zgora.pl\/?page_id=258","title":{"rendered":"Formularz zg\u0142oszeniowy"},"content":{"rendered":"<ul>\n<li><a href=\"http:\/\/www.lmp.wmie.uz.zgora.pl\/pliki\/formularz_uczen.pdf\" target=\"_blank\">Formularz zg\u0142oszeniowy ucze\u0144<\/a><\/li>\n<li><a href=\"http:\/\/www.lmp.wmie.uz.zgora.pl\/pliki\/formularz_student.pdf\">Formularz zg\u0142oszeniowy student<\/a><\/li>\n<\/ul>\n","protected":false},"excerpt":{"rendered":"<p>Formularz zg\u0142oszeniowy ucze\u0144 Formularz zg\u0142oszeniowy student<\/p>\n","protected":false},"author":3,"featured_media":0,"parent":227,"menu_order":3,"comment_status":"closed","ping_status":"closed","template":"","meta":[],"_links":{"self":[{"href":"http:\/\/www.lmp.wmie.uz.zgora.pl\/index.php?rest_route=\/wp\/v2\/pages\/258"}],"collection":[{"href":"http:\/\/www.lmp.wmie.uz.zgora.pl\/index.php?rest_route=\/wp\/v2\/pages"}],"about":[{"href":"http:\/\/www.lmp.wmie.uz.zgora.pl\/index.php?rest_route=\/wp\/v2\/types\/page"}],"author":[{"embeddable":true,"href":"http:\/\/www.lmp.wmie.uz.zgora.pl\/index.php?rest_route=\/wp\/v2\/users\/3"}],"replies":[{"embeddable":true,"href":"http:\/\/www.lmp.wmie.uz.zgora.pl\/index.php?rest_route=%2Fwp%2Fv2%2Fcomments&post=258"}],"version-history":[{"count":1,"href":"http:\/\/www.lmp.wmie.uz.zgora.pl\/index.php?rest_route=\/wp\/v2\/pages\/258\/revisions"}],"predecessor-version":[{"id":260,"href":"http:\/\/www.lmp.wmie.uz.zgora.pl\/index.php?rest_route=\/wp\/v2\/pages\/258\/revisions\/260"}],"up":[{"embeddable":true,"href":"http:\/\/www.lmp.wmie.uz.zgora.pl\/index.php?rest_route=\/wp\/v2\/pages\/227"}],"wp:attachment":[{"href":"http:\/\/www.lmp.wmie.uz.zgora.pl\/index.php?rest_route=%2Fwp%2Fv2%2Fmedia&parent=258"}],"curies":[{"name":"wp","href":"https:\/\/api.w.org\/{rel}","templated":true}]}}